+ -1000120?
-233223
In base 15, what is 23e + -3d383?
-3d144
In base 3, what is 121221021001 + -111201?
121220202100
In base 7, what is -660043 - -223?
-656520
In base 2, what is -1011111011110 + -100111110011101010?
-101001010011001000
In base 9, what is -5 + 431316678?
431316673
In base 12, what is -356 + 1b9?
-159
In base 8, what is -20035453 + 151?
-20035302
In base 16, what is 10 - -256843?
256853
In base 13, what is 4b + 59320?
5936b
In base 11, what is -a053 - 1a?
-a072
In base 16, what is 2cabe + -14?
2caaa
In base 7, what is -3515405 + -123?
-3515531
In base 12, what is 30 + -b155132?
-b155102
In base 7, what is -6134366 - 14?
-6134413
In base 2, what is -110010000 + -10100011100100?
-10101001110100
In base 11, what is 3680 + 14a?
381a
In base 6, what is 33225340 + 1?
33225341
In base 7, what is 43 - -56340?
56413
In base 11, what is 2 - 774273?
-774271
In base 7, what is -253442120 + -2?
-253442122
In base 7, what is -53151 - 600?
-54051
In base 13, what is -c1 + b32?
a41
In base 8, what is 6273 + 7173?
15466
In base 4, what is 100 - -123100203122?
123100203222
In base 2, what is -1 - -110111011101000001111?
110111011101000001110
In base 7, what is -12 + 1203241453?
1203241441
In base 4, what is -10010122231013 - -11?
-10010122231002
In base 3, what is 1120 - 22000121220?
-22000120100
In base 8, what is -3272 - -2435?
-635
In base 12, what is -5262a8 + 4a?
-52625a
In base 8, what is -1137612 + 1554?
-1136036
In base 3, what is 101220001 - -10222?
102001000
In base 10, what is -215696 - -460?
-215236
In base 16, what is -68a + 142b?
da1
In base 12, what is -b0 + 70161?
70071
In base 15, what is 0 + 4050e9?
4050e9
In base 4, what is 3 - -12120002311213?
12120002311222
In base 2, what is 1110101010011011000 + 10011?
1110101010011101011
In base 8, what is -22 - -6566471?
6566447
In base 5, what is -2330402 - 1303311?
-4134213
In base 8, what is -210542 + 160?
-210362
In base 15, what is -13 - -66896?
66883
In base 15, what is -b3ce + 1cc?
-b202
In base 8, what is -32 - 72312215?
-72312247
In base 12, what is 11a8b + -33b?
11750
In base 2, what is 1011 - -1000110011001001101011?
1000110011001001110110
In base 11, what is -4 + -3451024?
-3451028
In base 3, what is -101220 + -12201202212?
-12202011202
In base 12, what is -13 + 53268a?
532677
In base 4, what is 12 + -11021212232?
-11021212220
In base 13, what is 355706 - -b?
355714
In base 12, what is 9 - 8a30ba?
-8a30b1
In base 14, what is -2 - 26a7a78?
-26a7a7a
In base 10, what is -37713 - -29386?
-8327
In base 6, what is 33121303 - -25?
33121332
In base 15, what is 3 + 70c78b?
70c78e
In base 6, what is -544201 - -5330?
-534431
In base 8, what is 41270 - -16513?
60003
In base 3, what is -1102121 - -1020102221?
1012000100
In base 16, what is -12d74a4 + -1?
-12d74a5
In base 2, what is 101 + 10110110111000111111100010?
10110110111000111111100111
In base 9, what is 644440 + 14?
644454
In base 11, what is 7 - -669992?
669999
In base 11, what is -6038825 + -a?
-6038834
In base 13, what is 1b591ca + -12?
1b591b8
In base 3, what is 100201201 + -112210?
100011221
In base 6, what is -3 + -1335005015?
-1335005022
In base 5, what is 13323 - -104412?
123240
In base 4, what is 10000100 - 3000?
3331100
In base 11, what is -1447 - -109085?
107739
In base 16, what is -600e + 2fa6?
-3068
In base 14, what is 5b45 + -c25?
4d20
In base 11, what is 14a5a45 - 6?
14a5a3a
In base 9, what is -11 - -465836?
465825
In base 5, what is -33 + 103042144?
103042111
In base 12, what is 5535227 - 16?
5535211
In base 10, what is -838188 + 174?
-838014
In base 8, what is 2565244 - 322?
2564722
In base 14, what is 1908 + -63a?
12ac
In base 5, what is 24113012312 - 0?
24113012312
In base 12, what is -3003 - -81a08?
7aa05
In base 5, what is -100441423 + -13?
-100441441
In base 13, what is -92 + 15c62?
15ba0
In base 9, what is 8 - 23585300?
-23585281
In base 4, what is 101132 + -213313021?
-213211223
In base 12, what is 4 + -180950b?
-1809507
In base 5, what is -100 + 32010043?
32004443
In base 15, what is 4614 + 117?
472b
In base 3, what is -21010120121 + -20000100?
-21100120221
In base 16, what is -f172 - -64a?
-eb28
In base 2, what is -110100110011001001001 - 101001?
-110100110011001110010
In base 11, what is 4 + a89a1a?
a89a23
In base 16, what is -20add02 + -5?
-20add07
In base 10, what is -2832 + -54979?
-57811
In base 16, what is 2d5 - 3975?
-36a0
In base 13, what is -495b4 - -9?
-495a8
In base 11, what is 986 + -2467?
-1591
In base 3, what is 1200110102 + 21211210?
1222022012
In base 16, what is -5 - 107ae8?
-107aed
In base 8, what is -463271 - 144?
-463435
In base 12, what is 3bb619209 - -4?
3bb619211
In base 5, what is -141140 + 32100?
-104040
In base 14, what is 2a + 53734?
53760
In base 4, what is 203321 - -33032232?
33302213
In base 9, what is 6 - -77384620?
77384626
In base 8, what is -107443 + 1154?
-106267
In base 10, what is 12525 - -778?
13303
In base 8, what is -2 - 4356471?
-4356473
In base 10, what is 3447 + -2804?
643
In base 2, what is 101101111010100101 + -10110?
101101111010001111
In base 8, what is -74623021 - -10?
-74623011
In base 14, what is -12 + 15b328?
15b316
In base 9, what is 22053362 + -4?
22053357
In base 13, what is 93a + 52b4?
5c21
In base 3, what is -1201002200002112 - -10?
-1201002200002102
In base 7, what is -1006222433 + -1?
-1006222434
In base 10, what is -1364958 - 61?
-1365019
In base 12, what is 590ba9 - 23?
590b86
In base 6, what is -113525 + -205434?
-323403
In base 13, what is -119b79 + -b92?
-11aa3b
In base 15, what is -2 - bc258?
-bc25a
In base 13, what is 19526 - 5c7c?
13577
In base 3, what is -1020111021 + 22021?
-1020012000
In base 14, what is -5 + -130b783?
-130b788
In base 13, what is -3c0 + -cab5?
-101a5
In base 13, what is -11 + 55c8b8b?
55c8b7a
In base 5, what is 1 - -2401030312?
2401030313
In base 15, what is -17 - -3bd8b?
3bd74
In base 2, what is 1110001111 - -100000100010010?
100010010100001
In base 16, what is 2f48ead - -2?
2f48eaf
In base 13, what is -8a80 + -4431?
-101b1
In base 13, what is 69 - -425b71?
425c0a
In base 13, what is 159 - -c5a98?
c5c24
In base 14, what is -8d7 + 35b?
-57a
In base 12, what is -1103978a - -3?
-11039787
In base 11, what is -73a81184 + 3?
-73a81181
In base 9, what is -7 - 104323351?
-104323358
In base 10, what is -2281 - 24528?
-26809
In base 2, what is 101101101111 - 1101001110001010?
-1100100000011011
In base 10, what is -2277 - 15394?
-17671
In base 9, what is -3 + 2354587?
2354584
In base 8, what is -15301 + 4657?
-10422
In base 8, what is -5 - 6143626?
-6143633
In base 9, what is 11062 - 16437?
-5365
In base 8, what is -3 - -25442673?
25442670
In base 13, what is -4 + 149b2a27?
149b2a23
In base 12, what is 4 - -23b694?
23b698
In base 10, what is -1 - 1230807?
-1230808
In base 7, what is 4 - 15006622?
-15006615
In base 13, what is -5c110 + -112?
-5c222
In base 16, what is 8b - -1f6910?
1f699b
In base 3, what is 20021102 - -11021212?
101120021
In base 5, what is 3100301142 + -2?
3100301140
In base 6, what is 54 + -140122051?
-140121553
In base 13, what is -56a42c1 + 0?
-56a42c1
In base 12, what is 3 - -3488618?
348861b
In base 3, what is 10112222210220101 - 11?
10112222210220020
In base 2, what is -100 + 1001110011100010111?
1001110011100010011
In base 11, what is 244849 + -128?
244721
In base 15, what is 49 + 119e3ae?
119e408
In base 9, what is 21387652 + 10?
21387662
In base 3, what is -1101021211000 - -221?
-1101021210002
In base 9, what is 326371 - -2660?
330141
In base 6, what is -13551331 + 422?
-13550505
In base 2, what is -101 - -1010110110001001100111010110?
1010110110001001100111010001
In base 12, what is -405b869 + -5?
-405b872
In base 7, what is 4206314113 + 3?
4206314116
In base 3, what is 2010111 + 20122012?
22202200
In base 11, what is -44 - 548702?
-548746
In base 6, what is -34200 + 125010?
50410
In base 6, what is -10 + -1132053?
-1132103
In base 3, what is -10012222 + 2122200021?
2112110022
In base 15, what is 42c518 - 4?
42c514
In base 8, what is 351065 - 210?
350655
In base 2, what is 11001100111111101011110001 - -1?
11001100111111101011110010
In base 8, what is 476424 + 2065?
500511
In base 2, what is -101101110001111 - 100000111011?
-110001111001010
In base 7, what is -12354 - -143543?
131156
In base 5, what 